{"id":2944,"date":"2020-11-04T10:30:13","date_gmt":"2020-11-04T10:30:13","guid":{"rendered":"https:\/\/mamashelter.com\/belgrade\/explorer\/agenda-2\/"},"modified":"2025-08-13T15:24:48","modified_gmt":"2025-08-13T15:24:48","slug":"agenda","status":"publish","type":"page","link":"https:\/\/fr.mamashelter.com\/belgrade\/agenda\/","title":{"rendered":"Agenda"},"content":{"rendered":"","protected":false},"excerpt":{"rendered":"","protected":false},"author":45,"featured_media":0,"parent":0,"menu_order":0,"comment_status":"closed","ping_status":"closed","template":"page-event.php","meta":{"footnotes":""},"class_list":["post-2944","page","type-page","status-publish","hentry"],"acf":[],"yoast_head":"<!-- This site is optimized with the Yoast SEO plugin v20.13 - https:\/\/yoast.com\/wordpress\/plugins\/seo\/ -->\n<title>Agenda des \u00e9v\u00e9nements, DJ set &amp; live \u00e0 Belgrade | Mama Shelter<\/title>\n<meta name=\"description\" content=\"D\u00e9couvrez les \u00e9v\u00e9nements, DJ sets et live au Mama Shelter Belgrade pour des soir\u00e9es m\u00e9morables.\" \/>\n<meta name=\"robots\" content=\"index, follow, max-snippet:-1, max-image-preview:large, max-video-preview:-1\" \/>\n<link rel=\"canonical\" href=\"https:\/\/fr.mamashelter.com\/belgrade\/agenda\/\" \/>\n<meta property=\"og:locale\" content=\"fr_FR\" \/>\n<meta property=\"og:type\" content=\"article\" \/>\n<meta property=\"og:title\" content=\"Agenda des \u00e9v\u00e9nements, DJ set &amp; live \u00e0 Belgrade | Mama Shelter\" \/>\n<meta property=\"og:description\" content=\"D\u00e9couvrez les \u00e9v\u00e9nements, DJ sets et live au Mama Shelter Belgrade pour des soir\u00e9es m\u00e9morables.\" \/>\n<meta property=\"og:url\" content=\"https:\/\/fr.mamashelter.com\/belgrade\/agenda\/\" \/>\n<meta property=\"og:site_name\" content=\"Belgrade\" \/>\n<meta property=\"article:modified_time\" content=\"2025-08-13T15:24:48+00:00\" \/>\n<meta name=\"twitter:card\" content=\"summary_large_image\" \/>\n<script type=\"application\/ld+json\" class=\"yoast-schema-graph\">{\"@context\":\"https:\/\/schema.org\",\"@graph\":[{\"@type\":\"WebPage\",\"@id\":\"https:\/\/fr.mamashelter.com\/belgrade\/agenda\/\",\"url\":\"https:\/\/fr.mamashelter.com\/belgrade\/agenda\/\",\"name\":\"Agenda des \u00e9v\u00e9nements, DJ set & live \u00e0 Belgrade | Mama Shelter\",\"isPartOf\":{\"@id\":\"https:\/\/fr.mamashelter.com\/belgrade\/#website\"},\"datePublished\":\"2020-11-04T10:30:13+00:00\",\"dateModified\":\"2025-08-13T15:24:48+00:00\",\"description\":\"D\u00e9couvrez les \u00e9v\u00e9nements, DJ sets et live au Mama Shelter Belgrade pour des soir\u00e9es m\u00e9morables.\",\"breadcrumb\":{\"@id\":\"https:\/\/fr.mamashelter.com\/belgrade\/agenda\/#breadcrumb\"},\"inLanguage\":\"fr-FR\",\"potentialAction\":[{\"@type\":\"ReadAction\",\"target\":[\"https:\/\/fr.mamashelter.com\/belgrade\/agenda\/\"]}]},{\"@type\":\"BreadcrumbList\",\"@id\":\"https:\/\/fr.mamashelter.com\/belgrade\/agenda\/#breadcrumb\",\"itemListElement\":[{\"@type\":\"ListItem\",\"position\":1,\"name\":\"Home\",\"item\":\"https:\/\/fr.mamashelter.com\/belgrade\/\"},{\"@type\":\"ListItem\",\"position\":2,\"name\":\"Agenda\"}]},{\"@type\":\"WebSite\",\"@id\":\"https:\/\/fr.mamashelter.com\/belgrade\/#website\",\"url\":\"https:\/\/fr.mamashelter.com\/belgrade\/\",\"name\":\"Belgrade\",\"description\":\"Mama Shelter\",\"potentialAction\":[{\"@type\":\"SearchAction\",\"target\":{\"@type\":\"EntryPoint\",\"urlTemplate\":\"https:\/\/fr.mamashelter.com\/belgrade\/?s={search_term_string}\"},\"query-input\":\"required name=search_term_string\"}],\"inLanguage\":\"fr-FR\"}]}<\/script>\n<!-- \/ Yoast SEO plugin. -->","yoast_head_json":{"title":"Agenda des \u00e9v\u00e9nements, DJ set & live \u00e0 Belgrade | Mama Shelter","description":"D\u00e9couvrez les \u00e9v\u00e9nements, DJ sets et live au Mama Shelter Belgrade pour des soir\u00e9es m\u00e9morables.","robots":{"index":"index","follow":"follow","max-snippet":"max-snippet:-1","max-image-preview":"max-image-preview:large","max-video-preview":"max-video-preview:-1"},"canonical":"https:\/\/fr.mamashelter.com\/belgrade\/agenda\/","og_locale":"fr_FR","og_type":"article","og_title":"Agenda des \u00e9v\u00e9nements, DJ set & live \u00e0 Belgrade | Mama Shelter","og_description":"D\u00e9couvrez les \u00e9v\u00e9nements, DJ sets et live au Mama Shelter Belgrade pour des soir\u00e9es m\u00e9morables.","og_url":"https:\/\/fr.mamashelter.com\/belgrade\/agenda\/","og_site_name":"Belgrade","article_modified_time":"2025-08-13T15:24:48+00:00","twitter_card":"summary_large_image","schema":{"@context":"https:\/\/schema.org","@graph":[{"@type":"WebPage","@id":"https:\/\/fr.mamashelter.com\/belgrade\/agenda\/","url":"https:\/\/fr.mamashelter.com\/belgrade\/agenda\/","name":"Agenda des \u00e9v\u00e9nements, DJ set & live \u00e0 Belgrade | Mama Shelter","isPartOf":{"@id":"https:\/\/fr.mamashelter.com\/belgrade\/#website"},"datePublished":"2020-11-04T10:30:13+00:00","dateModified":"2025-08-13T15:24:48+00:00","description":"D\u00e9couvrez les \u00e9v\u00e9nements, DJ sets et live au Mama Shelter Belgrade pour des soir\u00e9es m\u00e9morables.","breadcrumb":{"@id":"https:\/\/fr.mamashelter.com\/belgrade\/agenda\/#breadcrumb"},"inLanguage":"fr-FR","potentialAction":[{"@type":"ReadAction","target":["https:\/\/fr.mamashelter.com\/belgrade\/agenda\/"]}]},{"@type":"BreadcrumbList","@id":"https:\/\/fr.mamashelter.com\/belgrade\/agenda\/#breadcrumb","itemListElement":[{"@type":"ListItem","position":1,"name":"Home","item":"https:\/\/fr.mamashelter.com\/belgrade\/"},{"@type":"ListItem","position":2,"name":"Agenda"}]},{"@type":"WebSite","@id":"https:\/\/fr.mamashelter.com\/belgrade\/#website","url":"https:\/\/fr.mamashelter.com\/belgrade\/","name":"Belgrade","description":"Mama Shelter","potentialAction":[{"@type":"SearchAction","target":{"@type":"EntryPoint","urlTemplate":"https:\/\/fr.mamashelter.com\/belgrade\/?s={search_term_string}"},"query-input":"required name=search_term_string"}],"inLanguage":"fr-FR"}]}},"jetpack_sharing_enabled":true,"_links":{"self":[{"href":"https:\/\/fr.mamashelter.com\/belgrade\/wp-json\/wp\/v2\/pages\/2944","targetHints":{"allow":["GET"]}}],"collection":[{"href":"https:\/\/fr.mamashelter.com\/belgrade\/wp-json\/wp\/v2\/pages"}],"about":[{"href":"https:\/\/fr.mamashelter.com\/belgrade\/wp-json\/wp\/v2\/types\/page"}],"author":[{"embeddable":true,"href":"https:\/\/fr.mamashelter.com\/belgrade\/wp-json\/wp\/v2\/users\/45"}],"replies":[{"embeddable":true,"href":"https:\/\/fr.mamashelter.com\/belgrade\/wp-json\/wp\/v2\/comments?post=2944"}],"version-history":[{"count":1,"href":"https:\/\/fr.mamashelter.com\/belgrade\/wp-json\/wp\/v2\/pages\/2944\/revisions"}],"predecessor-version":[{"id":6446,"href":"https:\/\/fr.mamashelter.com\/belgrade\/wp-json\/wp\/v2\/pages\/2944\/revisions\/6446"}],"wp:attachment":[{"href":"https:\/\/fr.mamashelter.com\/belgrade\/wp-json\/wp\/v2\/media?parent=2944"}],"curies":[{"name":"wp","href":"https:\/\/api.w.org\/{rel}","templated":true}]}}