{"id":9781,"date":"2022-11-08T15:54:35","date_gmt":"2022-11-08T15:54:35","guid":{"rendered":"https:\/\/mamashelter.com\/lisboa\/travailler-celebrer\/"},"modified":"2026-03-27T14:22:44","modified_gmt":"2026-03-27T14:22:44","slug":"travailler-celebrer","status":"publish","type":"page","link":"https:\/\/fr.mamashelter.com\/lisboa\/travailler-celebrer\/","title":{"rendered":"Travailler &#038; C\u00e9l\u00e9brer"},"content":{"rendered":"","protected":false},"excerpt":{"rendered":"","protected":false},"author":6,"featured_media":0,"parent":0,"menu_order":0,"comment_status":"closed","ping_status":"closed","template":"","meta":{"footnotes":""},"class_list":["post-9781","page","type-page","status-publish","hentry"],"acf":[],"yoast_head":"<!-- This site is optimized with the Yoast SEO plugin v20.13 - https:\/\/yoast.com\/wordpress\/plugins\/seo\/ -->\n<title>Louez nos espaces de r\u00e9union pour vos \u00e9v\u00e9nements \u00e0 Lisboa.<\/title>\n<meta name=\"description\" content=\"Pr\u00e9parez votre r\u00e9union - Mama s&#039;occupe du reste. Organisez vos \u00e9v\u00e9nements professionnels ou votre enterrement de vie de jeune fille \u00e0 Mama Shelter Lisboa.\" \/>\n<meta name=\"robots\" content=\"index, follow, max-snippet:-1, max-image-preview:large, max-video-preview:-1\" \/>\n<link rel=\"canonical\" href=\"https:\/\/fr.mamashelter.com\/lisboa\/travailler-celebrer\/\" \/>\n<meta property=\"og:locale\" content=\"fr_FR\" \/>\n<meta property=\"og:type\" content=\"article\" \/>\n<meta property=\"og:title\" content=\"Louez nos espaces de r\u00e9union pour vos \u00e9v\u00e9nements \u00e0 Lisboa.\" \/>\n<meta property=\"og:description\" content=\"Pr\u00e9parez votre r\u00e9union - Mama s&#039;occupe du reste. Organisez vos \u00e9v\u00e9nements professionnels ou votre enterrement de vie de jeune fille \u00e0 Mama Shelter Lisboa.\" \/>\n<meta property=\"og:url\" content=\"https:\/\/fr.mamashelter.com\/lisboa\/travailler-celebrer\/\" \/>\n<meta property=\"og:site_name\" content=\"Lisboa\" \/>\n<meta property=\"article:modified_time\" content=\"2026-03-27T14:22:44+00:00\" \/>\n<meta name=\"twitter:card\" content=\"summary_large_image\" \/>\n<script type=\"application\/ld+json\" class=\"yoast-schema-graph\">{\"@context\":\"https:\/\/schema.org\",\"@graph\":[{\"@type\":\"WebPage\",\"@id\":\"https:\/\/fr.mamashelter.com\/lisboa\/travailler-celebrer\/\",\"url\":\"https:\/\/fr.mamashelter.com\/lisboa\/travailler-celebrer\/\",\"name\":\"Louez nos espaces de r\u00e9union pour vos \u00e9v\u00e9nements \u00e0 Lisboa.\",\"isPartOf\":{\"@id\":\"https:\/\/fr.mamashelter.com\/lisboa\/#website\"},\"datePublished\":\"2022-11-08T15:54:35+00:00\",\"dateModified\":\"2026-03-27T14:22:44+00:00\",\"description\":\"Pr\u00e9parez votre r\u00e9union - Mama s'occupe du reste. Organisez vos \u00e9v\u00e9nements professionnels ou votre enterrement de vie de jeune fille \u00e0 Mama Shelter Lisboa.\",\"breadcrumb\":{\"@id\":\"https:\/\/fr.mamashelter.com\/lisboa\/travailler-celebrer\/#breadcrumb\"},\"inLanguage\":\"fr-FR\",\"potentialAction\":[{\"@type\":\"ReadAction\",\"target\":[\"https:\/\/fr.mamashelter.com\/lisboa\/travailler-celebrer\/\"]}]},{\"@type\":\"BreadcrumbList\",\"@id\":\"https:\/\/fr.mamashelter.com\/lisboa\/travailler-celebrer\/#breadcrumb\",\"itemListElement\":[{\"@type\":\"ListItem\",\"position\":1,\"name\":\"Home\",\"item\":\"https:\/\/fr.mamashelter.com\/lisboa\/\"},{\"@type\":\"ListItem\",\"position\":2,\"name\":\"Travailler &#038; C\u00e9l\u00e9brer\"}]},{\"@type\":\"WebSite\",\"@id\":\"https:\/\/fr.mamashelter.com\/lisboa\/#website\",\"url\":\"https:\/\/fr.mamashelter.com\/lisboa\/\",\"name\":\"Lisboa\",\"description\":\"Mama Shelter\",\"potentialAction\":[{\"@type\":\"SearchAction\",\"target\":{\"@type\":\"EntryPoint\",\"urlTemplate\":\"https:\/\/fr.mamashelter.com\/lisboa\/?s={search_term_string}\"},\"query-input\":\"required name=search_term_string\"}],\"inLanguage\":\"fr-FR\"}]}<\/script>\n<!-- \/ Yoast SEO plugin. -->","yoast_head_json":{"title":"Louez nos espaces de r\u00e9union pour vos \u00e9v\u00e9nements \u00e0 Lisboa.","description":"Pr\u00e9parez votre r\u00e9union - Mama s'occupe du reste. Organisez vos \u00e9v\u00e9nements professionnels ou votre enterrement de vie de jeune fille \u00e0 Mama Shelter Lisboa.","robots":{"index":"index","follow":"follow","max-snippet":"max-snippet:-1","max-image-preview":"max-image-preview:large","max-video-preview":"max-video-preview:-1"},"canonical":"https:\/\/fr.mamashelter.com\/lisboa\/travailler-celebrer\/","og_locale":"fr_FR","og_type":"article","og_title":"Louez nos espaces de r\u00e9union pour vos \u00e9v\u00e9nements \u00e0 Lisboa.","og_description":"Pr\u00e9parez votre r\u00e9union - Mama s'occupe du reste. Organisez vos \u00e9v\u00e9nements professionnels ou votre enterrement de vie de jeune fille \u00e0 Mama Shelter Lisboa.","og_url":"https:\/\/fr.mamashelter.com\/lisboa\/travailler-celebrer\/","og_site_name":"Lisboa","article_modified_time":"2026-03-27T14:22:44+00:00","twitter_card":"summary_large_image","schema":{"@context":"https:\/\/schema.org","@graph":[{"@type":"WebPage","@id":"https:\/\/fr.mamashelter.com\/lisboa\/travailler-celebrer\/","url":"https:\/\/fr.mamashelter.com\/lisboa\/travailler-celebrer\/","name":"Louez nos espaces de r\u00e9union pour vos \u00e9v\u00e9nements \u00e0 Lisboa.","isPartOf":{"@id":"https:\/\/fr.mamashelter.com\/lisboa\/#website"},"datePublished":"2022-11-08T15:54:35+00:00","dateModified":"2026-03-27T14:22:44+00:00","description":"Pr\u00e9parez votre r\u00e9union - Mama s'occupe du reste. Organisez vos \u00e9v\u00e9nements professionnels ou votre enterrement de vie de jeune fille \u00e0 Mama Shelter Lisboa.","breadcrumb":{"@id":"https:\/\/fr.mamashelter.com\/lisboa\/travailler-celebrer\/#breadcrumb"},"inLanguage":"fr-FR","potentialAction":[{"@type":"ReadAction","target":["https:\/\/fr.mamashelter.com\/lisboa\/travailler-celebrer\/"]}]},{"@type":"BreadcrumbList","@id":"https:\/\/fr.mamashelter.com\/lisboa\/travailler-celebrer\/#breadcrumb","itemListElement":[{"@type":"ListItem","position":1,"name":"Home","item":"https:\/\/fr.mamashelter.com\/lisboa\/"},{"@type":"ListItem","position":2,"name":"Travailler &#038; C\u00e9l\u00e9brer"}]},{"@type":"WebSite","@id":"https:\/\/fr.mamashelter.com\/lisboa\/#website","url":"https:\/\/fr.mamashelter.com\/lisboa\/","name":"Lisboa","description":"Mama Shelter","potentialAction":[{"@type":"SearchAction","target":{"@type":"EntryPoint","urlTemplate":"https:\/\/fr.mamashelter.com\/lisboa\/?s={search_term_string}"},"query-input":"required name=search_term_string"}],"inLanguage":"fr-FR"}]}},"jetpack_sharing_enabled":true,"_links":{"self":[{"href":"https:\/\/fr.mamashelter.com\/lisboa\/wp-json\/wp\/v2\/pages\/9781","targetHints":{"allow":["GET"]}}],"collection":[{"href":"https:\/\/fr.mamashelter.com\/lisboa\/wp-json\/wp\/v2\/pages"}],"about":[{"href":"https:\/\/fr.mamashelter.com\/lisboa\/wp-json\/wp\/v2\/types\/page"}],"author":[{"embeddable":true,"href":"https:\/\/fr.mamashelter.com\/lisboa\/wp-json\/wp\/v2\/users\/6"}],"replies":[{"embeddable":true,"href":"https:\/\/fr.mamashelter.com\/lisboa\/wp-json\/wp\/v2\/comments?post=9781"}],"version-history":[{"count":2,"href":"https:\/\/fr.mamashelter.com\/lisboa\/wp-json\/wp\/v2\/pages\/9781\/revisions"}],"predecessor-version":[{"id":11086,"href":"https:\/\/fr.mamashelter.com\/lisboa\/wp-json\/wp\/v2\/pages\/9781\/revisions\/11086"}],"wp:attachment":[{"href":"https:\/\/fr.mamashelter.com\/lisboa\/wp-json\/wp\/v2\/media?parent=9781"}],"curies":[{"name":"wp","href":"https:\/\/api.w.org\/{rel}","templated":true}]}}