{"id":4889,"date":"2022-06-20T13:30:26","date_gmt":"2022-06-20T13:30:26","guid":{"rendered":"https:\/\/mamashelter.com\/lyon\/work-celebrate\/"},"modified":"2026-01-23T11:22:14","modified_gmt":"2026-01-23T11:22:14","slug":"travailler-celebrer","status":"publish","type":"page","link":"https:\/\/fr.mamashelter.com\/lyon\/travailler-celebrer\/","title":{"rendered":"Travailler &#038; C\u00e9l\u00e9brer"},"content":{"rendered":"<p>Avec Mama, vous \u00eates entre de bonnes mains ! Qu&rsquo;il s&rsquo;agisse d&rsquo;une r\u00e9union d&rsquo;affaires, d&rsquo;un team building, d&rsquo;un kick-off ou d&rsquo;un s\u00e9minaire avec votre \u00e9quipe, r\u00e9servez votre \u00e9v\u00e9nement sur mesure avec Mama. Besoin d&rsquo;une pause ? Profitez de la terrasse de notre restaurant entre deux r\u00e9unions et d\u00e9gustez nos assortiments maison livr\u00e9s directement dans votre salle de r\u00e9union, ou d&rsquo;un repas gastronomique \u00e0 d\u00e9guster en groupe.<\/p>\n","protected":false},"excerpt":{"rendered":"<p>Avec Mama, vous \u00eates entre de bonnes mains ! Qu&rsquo;il s&rsquo;agisse d&rsquo;une r\u00e9union d&rsquo;affaires, d&rsquo;un team building, d&rsquo;un kick-off ou d&rsquo;un s\u00e9minaire avec votre \u00e9quipe, r\u00e9servez votre \u00e9v\u00e9nement sur mesure avec Mama. Besoin d&rsquo;une pause ? Profitez de la terrasse de notre restaurant entre deux r\u00e9unions et d\u00e9gustez nos assortiments maison livr\u00e9s directement dans votre [&hellip;]<\/p>\n","protected":false},"author":6,"featured_media":0,"parent":0,"menu_order":0,"comment_status":"closed","ping_status":"closed","template":"","meta":{"footnotes":""},"class_list":["post-4889","page","type-page","status-publish","hentry"],"acf":[],"yoast_head":"<!-- This site is optimized with the Yoast SEO plugin v20.13 - https:\/\/yoast.com\/wordpress\/plugins\/seo\/ -->\n<title>Louez nos espaces de r\u00e9union pour vos \u00e9v\u00e9nements \u00e0 Lyon.<\/title>\n<meta name=\"description\" content=\"Pr\u00e9parez votre r\u00e9union - Mama s&#039;occupe du reste. Organisez vos \u00e9v\u00e9nements professionnels ou votre enterrement de vie de jeune fille \u00e0 Mama Shelter Lyon.\" \/>\n<meta name=\"robots\" content=\"index, follow, max-snippet:-1, max-image-preview:large, max-video-preview:-1\" \/>\n<link rel=\"canonical\" href=\"https:\/\/fr.mamashelter.com\/lyon\/travailler-celebrer\/\" \/>\n<meta property=\"og:locale\" content=\"fr_FR\" \/>\n<meta property=\"og:type\" content=\"article\" \/>\n<meta property=\"og:title\" content=\"Louez nos espaces de r\u00e9union pour vos \u00e9v\u00e9nements \u00e0 Lyon.\" \/>\n<meta property=\"og:description\" content=\"Pr\u00e9parez votre r\u00e9union - Mama s&#039;occupe du reste. Organisez vos \u00e9v\u00e9nements professionnels ou votre enterrement de vie de jeune fille \u00e0 Mama Shelter Lyon.\" \/>\n<meta property=\"og:url\" content=\"https:\/\/fr.mamashelter.com\/lyon\/travailler-celebrer\/\" \/>\n<meta property=\"og:site_name\" content=\"Lyon\" \/>\n<meta property=\"article:modified_time\" content=\"2026-01-23T11:22:14+00:00\" \/>\n<meta name=\"twitter:card\" content=\"summary_large_image\" \/>\n<script type=\"application\/ld+json\" class=\"yoast-schema-graph\">{\"@context\":\"https:\/\/schema.org\",\"@graph\":[{\"@type\":\"WebPage\",\"@id\":\"https:\/\/fr.mamashelter.com\/lyon\/travailler-celebrer\/\",\"url\":\"https:\/\/fr.mamashelter.com\/lyon\/travailler-celebrer\/\",\"name\":\"Louez nos espaces de r\u00e9union pour vos \u00e9v\u00e9nements \u00e0 Lyon.\",\"isPartOf\":{\"@id\":\"https:\/\/fr.mamashelter.com\/lyon\/#website\"},\"datePublished\":\"2022-06-20T13:30:26+00:00\",\"dateModified\":\"2026-01-23T11:22:14+00:00\",\"description\":\"Pr\u00e9parez votre r\u00e9union - Mama s'occupe du reste. Organisez vos \u00e9v\u00e9nements professionnels ou votre enterrement de vie de jeune fille \u00e0 Mama Shelter Lyon.\",\"breadcrumb\":{\"@id\":\"https:\/\/fr.mamashelter.com\/lyon\/travailler-celebrer\/#breadcrumb\"},\"inLanguage\":\"fr-FR\",\"potentialAction\":[{\"@type\":\"ReadAction\",\"target\":[\"https:\/\/fr.mamashelter.com\/lyon\/travailler-celebrer\/\"]}]},{\"@type\":\"BreadcrumbList\",\"@id\":\"https:\/\/fr.mamashelter.com\/lyon\/travailler-celebrer\/#breadcrumb\",\"itemListElement\":[{\"@type\":\"ListItem\",\"position\":1,\"name\":\"Home\",\"item\":\"https:\/\/fr.mamashelter.com\/lyon\/\"},{\"@type\":\"ListItem\",\"position\":2,\"name\":\"Travailler &#038; C\u00e9l\u00e9brer\"}]},{\"@type\":\"WebSite\",\"@id\":\"https:\/\/fr.mamashelter.com\/lyon\/#website\",\"url\":\"https:\/\/fr.mamashelter.com\/lyon\/\",\"name\":\"Lyon\",\"description\":\"Mama Shelter\",\"potentialAction\":[{\"@type\":\"SearchAction\",\"target\":{\"@type\":\"EntryPoint\",\"urlTemplate\":\"https:\/\/fr.mamashelter.com\/lyon\/?s={search_term_string}\"},\"query-input\":\"required name=search_term_string\"}],\"inLanguage\":\"fr-FR\"}]}<\/script>\n<!-- \/ Yoast SEO plugin. -->","yoast_head_json":{"title":"Louez nos espaces de r\u00e9union pour vos \u00e9v\u00e9nements \u00e0 Lyon.","description":"Pr\u00e9parez votre r\u00e9union - Mama s'occupe du reste. Organisez vos \u00e9v\u00e9nements professionnels ou votre enterrement de vie de jeune fille \u00e0 Mama Shelter Lyon.","robots":{"index":"index","follow":"follow","max-snippet":"max-snippet:-1","max-image-preview":"max-image-preview:large","max-video-preview":"max-video-preview:-1"},"canonical":"https:\/\/fr.mamashelter.com\/lyon\/travailler-celebrer\/","og_locale":"fr_FR","og_type":"article","og_title":"Louez nos espaces de r\u00e9union pour vos \u00e9v\u00e9nements \u00e0 Lyon.","og_description":"Pr\u00e9parez votre r\u00e9union - Mama s'occupe du reste. Organisez vos \u00e9v\u00e9nements professionnels ou votre enterrement de vie de jeune fille \u00e0 Mama Shelter Lyon.","og_url":"https:\/\/fr.mamashelter.com\/lyon\/travailler-celebrer\/","og_site_name":"Lyon","article_modified_time":"2026-01-23T11:22:14+00:00","twitter_card":"summary_large_image","schema":{"@context":"https:\/\/schema.org","@graph":[{"@type":"WebPage","@id":"https:\/\/fr.mamashelter.com\/lyon\/travailler-celebrer\/","url":"https:\/\/fr.mamashelter.com\/lyon\/travailler-celebrer\/","name":"Louez nos espaces de r\u00e9union pour vos \u00e9v\u00e9nements \u00e0 Lyon.","isPartOf":{"@id":"https:\/\/fr.mamashelter.com\/lyon\/#website"},"datePublished":"2022-06-20T13:30:26+00:00","dateModified":"2026-01-23T11:22:14+00:00","description":"Pr\u00e9parez votre r\u00e9union - Mama s'occupe du reste. Organisez vos \u00e9v\u00e9nements professionnels ou votre enterrement de vie de jeune fille \u00e0 Mama Shelter Lyon.","breadcrumb":{"@id":"https:\/\/fr.mamashelter.com\/lyon\/travailler-celebrer\/#breadcrumb"},"inLanguage":"fr-FR","potentialAction":[{"@type":"ReadAction","target":["https:\/\/fr.mamashelter.com\/lyon\/travailler-celebrer\/"]}]},{"@type":"BreadcrumbList","@id":"https:\/\/fr.mamashelter.com\/lyon\/travailler-celebrer\/#breadcrumb","itemListElement":[{"@type":"ListItem","position":1,"name":"Home","item":"https:\/\/fr.mamashelter.com\/lyon\/"},{"@type":"ListItem","position":2,"name":"Travailler &#038; C\u00e9l\u00e9brer"}]},{"@type":"WebSite","@id":"https:\/\/fr.mamashelter.com\/lyon\/#website","url":"https:\/\/fr.mamashelter.com\/lyon\/","name":"Lyon","description":"Mama Shelter","potentialAction":[{"@type":"SearchAction","target":{"@type":"EntryPoint","urlTemplate":"https:\/\/fr.mamashelter.com\/lyon\/?s={search_term_string}"},"query-input":"required name=search_term_string"}],"inLanguage":"fr-FR"}]}},"jetpack_sharing_enabled":true,"_links":{"self":[{"href":"https:\/\/fr.mamashelter.com\/lyon\/wp-json\/wp\/v2\/pages\/4889","targetHints":{"allow":["GET"]}}],"collection":[{"href":"https:\/\/fr.mamashelter.com\/lyon\/wp-json\/wp\/v2\/pages"}],"about":[{"href":"https:\/\/fr.mamashelter.com\/lyon\/wp-json\/wp\/v2\/types\/page"}],"author":[{"embeddable":true,"href":"https:\/\/fr.mamashelter.com\/lyon\/wp-json\/wp\/v2\/users\/6"}],"replies":[{"embeddable":true,"href":"https:\/\/fr.mamashelter.com\/lyon\/wp-json\/wp\/v2\/comments?post=4889"}],"version-history":[{"count":1,"href":"https:\/\/fr.mamashelter.com\/lyon\/wp-json\/wp\/v2\/pages\/4889\/revisions"}],"predecessor-version":[{"id":5543,"href":"https:\/\/fr.mamashelter.com\/lyon\/wp-json\/wp\/v2\/pages\/4889\/revisions\/5543"}],"wp:attachment":[{"href":"https:\/\/fr.mamashelter.com\/lyon\/wp-json\/wp\/v2\/media?parent=4889"}],"curies":[{"name":"wp","href":"https:\/\/api.w.org\/{rel}","templated":true}]}}