{"id":1516,"date":"2020-10-01T09:36:29","date_gmt":"2020-10-01T09:36:29","guid":{"rendered":"https:\/\/mamashelter.com\/paris-la-defense\/chambres\/"},"modified":"2025-12-02T14:00:57","modified_gmt":"2025-12-02T14:00:57","slug":"chambres","status":"publish","type":"page","link":"https:\/\/fr.mamashelter.com\/paris-la-defense\/chambres\/","title":{"rendered":"Dormir"},"content":{"rendered":"","protected":false},"excerpt":{"rendered":"","protected":false},"author":6,"featured_media":0,"parent":0,"menu_order":26,"comment_status":"closed","ping_status":"closed","template":"","meta":{"footnotes":""},"class_list":["post-1516","page","type-page","status-publish","hentry"],"acf":[],"yoast_head":"<!-- This site is optimized with the Yoast SEO plugin v20.13 - https:\/\/yoast.com\/wordpress\/plugins\/seo\/ -->\n<title>Chambres uniques \u00e0 Paris La D\u00e9fense | Mama Shelter<\/title>\n<meta name=\"description\" content=\"Passez un s\u00e9jour unique au Mama Shelter Paris La D\u00e9fense : Chambres design, lits king size et films gratuits | Mama Shelter Paris La D\u00e9fense.\" \/>\n<meta name=\"robots\" content=\"index, follow, max-snippet:-1, max-image-preview:large, max-video-preview:-1\" \/>\n<link rel=\"canonical\" href=\"https:\/\/fr.mamashelter.com\/paris-la-defense\/chambres\/\" \/>\n<meta property=\"og:locale\" content=\"fr_FR\" \/>\n<meta property=\"og:type\" content=\"article\" \/>\n<meta property=\"og:title\" content=\"Chambres uniques \u00e0 Paris La D\u00e9fense | Mama Shelter\" \/>\n<meta property=\"og:description\" content=\"Passez un s\u00e9jour unique au Mama Shelter Paris La D\u00e9fense : Chambres design, lits king size et films gratuits | Mama Shelter Paris La D\u00e9fense.\" \/>\n<meta property=\"og:url\" content=\"https:\/\/fr.mamashelter.com\/paris-la-defense\/chambres\/\" \/>\n<meta property=\"og:site_name\" content=\"Paris La D\u00e9fense\" \/>\n<meta property=\"article:modified_time\" content=\"2025-12-02T14:00:57+00:00\" \/>\n<meta name=\"twitter:card\" content=\"summary_large_image\" \/>\n<script type=\"application\/ld+json\" class=\"yoast-schema-graph\">{\"@context\":\"https:\/\/schema.org\",\"@graph\":[{\"@type\":\"WebPage\",\"@id\":\"https:\/\/fr.mamashelter.com\/paris-la-defense\/chambres\/\",\"url\":\"https:\/\/fr.mamashelter.com\/paris-la-defense\/chambres\/\",\"name\":\"Chambres uniques \u00e0 Paris La D\u00e9fense | Mama Shelter\",\"isPartOf\":{\"@id\":\"https:\/\/fr.mamashelter.com\/paris-la-defense\/#website\"},\"datePublished\":\"2020-10-01T09:36:29+00:00\",\"dateModified\":\"2025-12-02T14:00:57+00:00\",\"description\":\"Passez un s\u00e9jour unique au Mama Shelter Paris La D\u00e9fense : Chambres design, lits king size et films gratuits | Mama Shelter Paris La D\u00e9fense.\",\"breadcrumb\":{\"@id\":\"https:\/\/fr.mamashelter.com\/paris-la-defense\/chambres\/#breadcrumb\"},\"inLanguage\":\"fr-FR\",\"potentialAction\":[{\"@type\":\"ReadAction\",\"target\":[\"https:\/\/fr.mamashelter.com\/paris-la-defense\/chambres\/\"]}]},{\"@type\":\"BreadcrumbList\",\"@id\":\"https:\/\/fr.mamashelter.com\/paris-la-defense\/chambres\/#breadcrumb\",\"itemListElement\":[{\"@type\":\"ListItem\",\"position\":1,\"name\":\"Home\",\"item\":\"https:\/\/fr.mamashelter.com\/paris-la-defense\/\"},{\"@type\":\"ListItem\",\"position\":2,\"name\":\"Dormir\"}]},{\"@type\":\"WebSite\",\"@id\":\"https:\/\/fr.mamashelter.com\/paris-la-defense\/#website\",\"url\":\"https:\/\/fr.mamashelter.com\/paris-la-defense\/\",\"name\":\"Paris La D\u00e9fense\",\"description\":\"Mama Shelter\",\"potentialAction\":[{\"@type\":\"SearchAction\",\"target\":{\"@type\":\"EntryPoint\",\"urlTemplate\":\"https:\/\/fr.mamashelter.com\/paris-la-defense\/?s={search_term_string}\"},\"query-input\":\"required name=search_term_string\"}],\"inLanguage\":\"fr-FR\"}]}<\/script>\n<!-- \/ Yoast SEO plugin. -->","yoast_head_json":{"title":"Chambres uniques \u00e0 Paris La D\u00e9fense | Mama Shelter","description":"Passez un s\u00e9jour unique au Mama Shelter Paris La D\u00e9fense : Chambres design, lits king size et films gratuits | Mama Shelter Paris La D\u00e9fense.","robots":{"index":"index","follow":"follow","max-snippet":"max-snippet:-1","max-image-preview":"max-image-preview:large","max-video-preview":"max-video-preview:-1"},"canonical":"https:\/\/fr.mamashelter.com\/paris-la-defense\/chambres\/","og_locale":"fr_FR","og_type":"article","og_title":"Chambres uniques \u00e0 Paris La D\u00e9fense | Mama Shelter","og_description":"Passez un s\u00e9jour unique au Mama Shelter Paris La D\u00e9fense : Chambres design, lits king size et films gratuits | Mama Shelter Paris La D\u00e9fense.","og_url":"https:\/\/fr.mamashelter.com\/paris-la-defense\/chambres\/","og_site_name":"Paris La D\u00e9fense","article_modified_time":"2025-12-02T14:00:57+00:00","twitter_card":"summary_large_image","schema":{"@context":"https:\/\/schema.org","@graph":[{"@type":"WebPage","@id":"https:\/\/fr.mamashelter.com\/paris-la-defense\/chambres\/","url":"https:\/\/fr.mamashelter.com\/paris-la-defense\/chambres\/","name":"Chambres uniques \u00e0 Paris La D\u00e9fense | Mama Shelter","isPartOf":{"@id":"https:\/\/fr.mamashelter.com\/paris-la-defense\/#website"},"datePublished":"2020-10-01T09:36:29+00:00","dateModified":"2025-12-02T14:00:57+00:00","description":"Passez un s\u00e9jour unique au Mama Shelter Paris La D\u00e9fense : Chambres design, lits king size et films gratuits | Mama Shelter Paris La D\u00e9fense.","breadcrumb":{"@id":"https:\/\/fr.mamashelter.com\/paris-la-defense\/chambres\/#breadcrumb"},"inLanguage":"fr-FR","potentialAction":[{"@type":"ReadAction","target":["https:\/\/fr.mamashelter.com\/paris-la-defense\/chambres\/"]}]},{"@type":"BreadcrumbList","@id":"https:\/\/fr.mamashelter.com\/paris-la-defense\/chambres\/#breadcrumb","itemListElement":[{"@type":"ListItem","position":1,"name":"Home","item":"https:\/\/fr.mamashelter.com\/paris-la-defense\/"},{"@type":"ListItem","position":2,"name":"Dormir"}]},{"@type":"WebSite","@id":"https:\/\/fr.mamashelter.com\/paris-la-defense\/#website","url":"https:\/\/fr.mamashelter.com\/paris-la-defense\/","name":"Paris La D\u00e9fense","description":"Mama Shelter","potentialAction":[{"@type":"SearchAction","target":{"@type":"EntryPoint","urlTemplate":"https:\/\/fr.mamashelter.com\/paris-la-defense\/?s={search_term_string}"},"query-input":"required name=search_term_string"}],"inLanguage":"fr-FR"}]}},"jetpack_sharing_enabled":true,"_links":{"self":[{"href":"https:\/\/fr.mamashelter.com\/paris-la-defense\/wp-json\/wp\/v2\/pages\/1516","targetHints":{"allow":["GET"]}}],"collection":[{"href":"https:\/\/fr.mamashelter.com\/paris-la-defense\/wp-json\/wp\/v2\/pages"}],"about":[{"href":"https:\/\/fr.mamashelter.com\/paris-la-defense\/wp-json\/wp\/v2\/types\/page"}],"author":[{"embeddable":true,"href":"https:\/\/fr.mamashelter.com\/paris-la-defense\/wp-json\/wp\/v2\/users\/6"}],"replies":[{"embeddable":true,"href":"https:\/\/fr.mamashelter.com\/paris-la-defense\/wp-json\/wp\/v2\/comments?post=1516"}],"version-history":[{"count":1,"href":"https:\/\/fr.mamashelter.com\/paris-la-defense\/wp-json\/wp\/v2\/pages\/1516\/revisions"}],"predecessor-version":[{"id":7744,"href":"https:\/\/fr.mamashelter.com\/paris-la-defense\/wp-json\/wp\/v2\/pages\/1516\/revisions\/7744"}],"wp:attachment":[{"href":"https:\/\/fr.mamashelter.com\/paris-la-defense\/wp-json\/wp\/v2\/media?parent=1516"}],"curies":[{"name":"wp","href":"https:\/\/api.w.org\/{rel}","templated":true}]}}