{"id":6658,"date":"2022-06-17T09:18:07","date_gmt":"2022-06-17T09:18:07","guid":{"rendered":"https:\/\/mamashelter.com\/rennes\/travailler-celebrer\/"},"modified":"2026-03-19T07:50:16","modified_gmt":"2026-03-19T07:50:16","slug":"travailler-celebrer","status":"publish","type":"page","link":"https:\/\/fr.mamashelter.com\/rennes\/travailler-celebrer\/","title":{"rendered":"Travailler &#038; C\u00e9l\u00e9brer"},"content":{"rendered":"","protected":false},"excerpt":{"rendered":"","protected":false},"author":6,"featured_media":7551,"parent":0,"menu_order":0,"comment_status":"closed","ping_status":"closed","template":"","meta":{"footnotes":""},"class_list":["post-6658","page","type-page","status-publish","has-post-thumbnail","hentry"],"acf":[],"yoast_head":"<!-- This site is optimized with the Yoast SEO plugin v20.13 - https:\/\/yoast.com\/wordpress\/plugins\/seo\/ -->\n<title>S\u00e9minaires, team-building et \u00e9v\u00e8nements \u00e0 Rennes | Mama Shelter<\/title>\n<meta name=\"description\" content=\"Organisez vos s\u00e9minaires, r\u00e9unions, \u00e9v\u00e9nements et team building avec votre \u00e9quipe dans un lieu unique et cozy au Mama Shelter Rennes.\" \/>\n<meta name=\"robots\" content=\"index, follow, max-snippet:-1, max-image-preview:large, max-video-preview:-1\" \/>\n<link rel=\"canonical\" href=\"https:\/\/fr.mamashelter.com\/rennes\/travailler-celebrer\/\" \/>\n<meta property=\"og:locale\" content=\"fr_FR\" \/>\n<meta property=\"og:type\" content=\"article\" \/>\n<meta property=\"og:title\" content=\"S\u00e9minaires, team-building et \u00e9v\u00e8nements \u00e0 Rennes | Mama Shelter\" \/>\n<meta property=\"og:description\" content=\"Organisez vos s\u00e9minaires, r\u00e9unions, \u00e9v\u00e9nements et team building avec votre \u00e9quipe dans un lieu unique et cozy au Mama Shelter Rennes.\" \/>\n<meta property=\"og:url\" content=\"https:\/\/fr.mamashelter.com\/rennes\/travailler-celebrer\/\" \/>\n<meta property=\"og:site_name\" content=\"Rennes\" \/>\n<meta property=\"article:modified_time\" content=\"2026-03-19T07:50:16+00:00\" \/>\n<meta property=\"og:image\" content=\"https:\/\/mamashelter.com\/rennes\/wp-content\/uploads\/sites\/33\/2023\/03\/MamaShelter_Rennes_02-23_054_FA-scaled.jpg\" \/>\n\t<meta property=\"og:image:width\" content=\"2560\" \/>\n\t<meta property=\"og:image:height\" content=\"1707\" \/>\n\t<meta property=\"og:image:type\" content=\"image\/jpeg\" \/>\n<meta name=\"twitter:card\" content=\"summary_large_image\" \/>\n<script type=\"application\/ld+json\" class=\"yoast-schema-graph\">{\"@context\":\"https:\/\/schema.org\",\"@graph\":[{\"@type\":\"WebPage\",\"@id\":\"https:\/\/fr.mamashelter.com\/rennes\/travailler-celebrer\/\",\"url\":\"https:\/\/fr.mamashelter.com\/rennes\/travailler-celebrer\/\",\"name\":\"S\u00e9minaires, team-building et \u00e9v\u00e8nements \u00e0 Rennes | Mama Shelter\",\"isPartOf\":{\"@id\":\"https:\/\/fr.mamashelter.com\/rennes\/#website\"},\"datePublished\":\"2022-06-17T09:18:07+00:00\",\"dateModified\":\"2026-03-19T07:50:16+00:00\",\"description\":\"Organisez vos s\u00e9minaires, r\u00e9unions, \u00e9v\u00e9nements et team building avec votre \u00e9quipe dans un lieu unique et cozy au Mama Shelter Rennes.\",\"breadcrumb\":{\"@id\":\"https:\/\/fr.mamashelter.com\/rennes\/travailler-celebrer\/#breadcrumb\"},\"inLanguage\":\"fr-FR\",\"potentialAction\":[{\"@type\":\"ReadAction\",\"target\":[\"https:\/\/fr.mamashelter.com\/rennes\/travailler-celebrer\/\"]}]},{\"@type\":\"BreadcrumbList\",\"@id\":\"https:\/\/fr.mamashelter.com\/rennes\/travailler-celebrer\/#breadcrumb\",\"itemListElement\":[{\"@type\":\"ListItem\",\"position\":1,\"name\":\"Home\",\"item\":\"https:\/\/fr.mamashelter.com\/rennes\/\"},{\"@type\":\"ListItem\",\"position\":2,\"name\":\"Travailler &#038; C\u00e9l\u00e9brer\"}]},{\"@type\":\"WebSite\",\"@id\":\"https:\/\/fr.mamashelter.com\/rennes\/#website\",\"url\":\"https:\/\/fr.mamashelter.com\/rennes\/\",\"name\":\"Rennes\",\"description\":\"Mama Shelter\",\"potentialAction\":[{\"@type\":\"SearchAction\",\"target\":{\"@type\":\"EntryPoint\",\"urlTemplate\":\"https:\/\/fr.mamashelter.com\/rennes\/?s={search_term_string}\"},\"query-input\":\"required name=search_term_string\"}],\"inLanguage\":\"fr-FR\"}]}<\/script>\n<!-- \/ Yoast SEO plugin. -->","yoast_head_json":{"title":"S\u00e9minaires, team-building et \u00e9v\u00e8nements \u00e0 Rennes | Mama Shelter","description":"Organisez vos s\u00e9minaires, r\u00e9unions, \u00e9v\u00e9nements et team building avec votre \u00e9quipe dans un lieu unique et cozy au Mama Shelter Rennes.","robots":{"index":"index","follow":"follow","max-snippet":"max-snippet:-1","max-image-preview":"max-image-preview:large","max-video-preview":"max-video-preview:-1"},"canonical":"https:\/\/fr.mamashelter.com\/rennes\/travailler-celebrer\/","og_locale":"fr_FR","og_type":"article","og_title":"S\u00e9minaires, team-building et \u00e9v\u00e8nements \u00e0 Rennes | Mama Shelter","og_description":"Organisez vos s\u00e9minaires, r\u00e9unions, \u00e9v\u00e9nements et team building avec votre \u00e9quipe dans un lieu unique et cozy au Mama Shelter Rennes.","og_url":"https:\/\/fr.mamashelter.com\/rennes\/travailler-celebrer\/","og_site_name":"Rennes","article_modified_time":"2026-03-19T07:50:16+00:00","og_image":[{"width":2560,"height":1707,"url":"https:\/\/mamashelter.com\/rennes\/wp-content\/uploads\/sites\/33\/2023\/03\/MamaShelter_Rennes_02-23_054_FA-scaled.jpg","type":"image\/jpeg"}],"twitter_card":"summary_large_image","schema":{"@context":"https:\/\/schema.org","@graph":[{"@type":"WebPage","@id":"https:\/\/fr.mamashelter.com\/rennes\/travailler-celebrer\/","url":"https:\/\/fr.mamashelter.com\/rennes\/travailler-celebrer\/","name":"S\u00e9minaires, team-building et \u00e9v\u00e8nements \u00e0 Rennes | Mama Shelter","isPartOf":{"@id":"https:\/\/fr.mamashelter.com\/rennes\/#website"},"datePublished":"2022-06-17T09:18:07+00:00","dateModified":"2026-03-19T07:50:16+00:00","description":"Organisez vos s\u00e9minaires, r\u00e9unions, \u00e9v\u00e9nements et team building avec votre \u00e9quipe dans un lieu unique et cozy au Mama Shelter Rennes.","breadcrumb":{"@id":"https:\/\/fr.mamashelter.com\/rennes\/travailler-celebrer\/#breadcrumb"},"inLanguage":"fr-FR","potentialAction":[{"@type":"ReadAction","target":["https:\/\/fr.mamashelter.com\/rennes\/travailler-celebrer\/"]}]},{"@type":"BreadcrumbList","@id":"https:\/\/fr.mamashelter.com\/rennes\/travailler-celebrer\/#breadcrumb","itemListElement":[{"@type":"ListItem","position":1,"name":"Home","item":"https:\/\/fr.mamashelter.com\/rennes\/"},{"@type":"ListItem","position":2,"name":"Travailler &#038; C\u00e9l\u00e9brer"}]},{"@type":"WebSite","@id":"https:\/\/fr.mamashelter.com\/rennes\/#website","url":"https:\/\/fr.mamashelter.com\/rennes\/","name":"Rennes","description":"Mama Shelter","potentialAction":[{"@type":"SearchAction","target":{"@type":"EntryPoint","urlTemplate":"https:\/\/fr.mamashelter.com\/rennes\/?s={search_term_string}"},"query-input":"required name=search_term_string"}],"inLanguage":"fr-FR"}]}},"jetpack_sharing_enabled":true,"_links":{"self":[{"href":"https:\/\/fr.mamashelter.com\/rennes\/wp-json\/wp\/v2\/pages\/6658","targetHints":{"allow":["GET"]}}],"collection":[{"href":"https:\/\/fr.mamashelter.com\/rennes\/wp-json\/wp\/v2\/pages"}],"about":[{"href":"https:\/\/fr.mamashelter.com\/rennes\/wp-json\/wp\/v2\/types\/page"}],"author":[{"embeddable":true,"href":"https:\/\/fr.mamashelter.com\/rennes\/wp-json\/wp\/v2\/users\/6"}],"replies":[{"embeddable":true,"href":"https:\/\/fr.mamashelter.com\/rennes\/wp-json\/wp\/v2\/comments?post=6658"}],"version-history":[{"count":6,"href":"https:\/\/fr.mamashelter.com\/rennes\/wp-json\/wp\/v2\/pages\/6658\/revisions"}],"predecessor-version":[{"id":8929,"href":"https:\/\/fr.mamashelter.com\/rennes\/wp-json\/wp\/v2\/pages\/6658\/revisions\/8929"}],"wp:featuredmedia":[{"embeddable":true,"href":"https:\/\/fr.mamashelter.com\/rennes\/wp-json\/wp\/v2\/media\/7551"}],"wp:attachment":[{"href":"https:\/\/fr.mamashelter.com\/rennes\/wp-json\/wp\/v2\/media?parent=6658"}],"curies":[{"name":"wp","href":"https:\/\/api.w.org\/{rel}","templated":true}]}}